 - 64. Let v(o) be the third derivative of -o**4/24 + 7*o**3/6 + o**2. Give v(t).
1
Let o(a) = -79*a + 1166. Let b be o(15). Let s(n) = -2*n**2 - 37*n + 15. Calculate s(b).
-4
Let y(g) be the second derivative of g**4/12 - g**3 - 4*g**2 - 128*g. Determine y(6).
-8
Let t(j) = -2*j**2 - j. Let f(n) = -n**3 - 396 - 2*n**2 - 2*n + 2*n**3 + n + 405. Let l(v) = -f(v) + t(v). Calculate l(0).
-9
Let o(h) = -h**3 - h**2 - 1. Let z(l) = -l**3 - 3*l**2 + 2*l + 33. Let v(x) = 2*o(x) - z(x). Let f(m) be the first derivative of v(m). Give f(2).
-10
Let m be (-4)/6 + 7*6/63. Let q(w) = 2 + 3*w**2 - 3*w + 4*w - 4*w**2. Let o be q(m). Let c(a) = -a**3 + a. Give c(o).
-6
Let r(y) = 3*y**2 + 22*y + 15. Let l(j) = 2*j**2 + 20*j + 14. Let t(w) = 4*l(w) - 3*r(w). Give t(11).
44
Let t = 1287 + -1281. Let w(k) = 11*k - 14. Calculate w(t).
52
Let k(u) = u + 5. Let q be k(-3). Let x(h) = 13 - h**q - 3*h + 2*h - 6. Let j = 2 + -2. Give x(j).
7
Suppose -81*c + 89*c + 16 = 0. Let p(x) = x**2 + 3*x - 1. Calculate p(c).
-3
Suppose 9*j - 7*j = -5*u - 16, 0 = 2*j + u + 16. Let g(b) = -2*b - 7. Calculate g(j).
9
Let o(t) = -7*t**2 - 2 + 3*t**2 + 2*t**2 - 19*t - 1. Let f be o(-9). Let d(i) = i**3 - 7*i**2 + 7*i + 8. Calculate d(f).
14
Let l be 2*((-2)/2 + -1). Let r be 3 - (3 + -8) - (7 + l). Let y(s) = 2*s - 7. Calculate y(r).
3
Let c(q) = 5*q - 2. Let y be 3*4/6 - -2. Suppose 5*z = -d, y*d + 0*z = -2*z. Let x = 3 + d. Give c(x).
13
Let q(n) = -n. Let u = 123 + -84. Let s = u - 43. Determine q(s).
4
Suppose 0 = -5*o - 5*b + 5 - 0, 4*b - 2 = -3*o. Let j = 10 - 6. Let u(i) = -2 - j*i + 2 + i**o - i. Give u(6).
6
Let j(o) = -o**3 + 41*o**2 - 41*o + 45. Let z be j(40). Let s(p) = -2*p - 3*p**2 - p + p**3 - 3*p - 6. What is s(z)?
14
Let c(f) = 4*f**2 + 12*f + 19. Let p(h) = 3*h**2 + 11*h + 17. Let b(l) = -2*c(l) + 3*p(l). Give b(-12).
49
Let j(s) be the first derivative of 20 - s**3 - 2*s + 5/2*s**2. Let t(a) = -2*a - 7. Let l be t(-5). Determine j(l).
-14
Suppose -h - 4*r = -9*r - 2, 3*r - 6 = -3*h. Let s(i) = -h*i - 74*i**3 - 1 - i**2 - 71*i**3 + 129*i**3. Determine s(-1).
16
Suppose 8 = -3*a + 2*l, 0*a = 2*a - l + 4. Suppose 0 = -5*t + 3*d + 21, 5*t - 5*d - 25 = -a*t. Let q(y) = y**3 - 4*y**2 + 4. Determine q(t).
-5
Let p(a) = 1 + 2*a + 3*a - 4*a - 3*a. What is p(-1)?
3
Suppose 243 + 357 = -30*s. Let p(n) = 7*n + 144. Determine p(s).
4
Let u(y) = y**3 + 33*y**2 - 69*y + 25. Let o be u(-35). Let t(b) = -b**3 - 12*b**2 - 23*b - 24. Give t(o).
6
Let h(f) = -f**2 + 8*f - 2. Let v(m) = 12*m**3 + m - 1. Let g be v(1). Let b be (g/(-4))/9*-3. Suppose 3*x + 20 = i, 3*i - 34 = 4*x + b. Determine h(i).
13
Let z(a) be the first derivative of a**3/3 + 7*a**2/2 - 14*a - 117. Give z(-9).
4
Suppose 0*f = f - 41. Let a(w) = -3*w + 5*w - 34 + f. Determine a(-6).
-5
Let t(m) = -39*m**3 + 5 + 5*m**3 + 11*m**3 - m - m**2 - 4. Give t(1).
-24
Let c(r) be the first derivative of -r**5/20 - r**4/4 - r**2 - 2*r - 2. Let k(i) be the first derivative of c(i). Let v = -25 - -21. Calculate k(v).
14
Let h(f) be the third derivative of -f**4/24 + f**3/6 - 4*f**2 + 25*f. Give h(6).
-5
Let r(u) = -7*u + 34. Let w(y) = 3*y + 9. Let v be w(-1). Determine r(v).
-8
Let z(w) be the third derivative of w**4/12 - 11*w**3/2 - w**2 - 80. Give z(15).
-3
Suppose 1 = 2*u - 7, -4*b + 8 = -5*u. Let r(t) = 13*t**3 + 18*t**2 + 7*t + 9. Let g(c) = -5*c**3 - 6*c**2 - 2*c - 3. Let l(q) = 8*g(q) + 3*r(q). Determine l(b).
-11
Suppose 0 = 104*t - 145*t + 82. Let b(z) = 3*z - 2*z - 2*z. What is b(t)?
-2
Let k(n) = -n**2 - 6*n - 10. Suppose -2*i = 11 + 3. Let t = -11 - i. Let g be k(t). Let x(v) = -2*v**3 - 2*v**2 + 2*v + 3. What is x(g)?
7
Let o(q) be the third derivative of -q**6/120 + q**5/15 - q**4/24 - 2*q**3/3 + 5*q**2. Let a = -35 - -38. Give o(a).
2
Let i(h) = 10*h**2 + 1. Suppose 0 = 34*o - 39*o + 70. Suppose p + o = 2*p. Suppose -16*m = -p*m + 2. What is i(m)?
11
Let v(w) = -w**3 - w**2 - 2*w - 3. Let k be v(-2). Suppose s + 2 = 3*q, 0*q + 5 = 3*q + 2*s. Let u = q + k. Let l(n) = -2*n + 7. Give l(u).
-5
Let d(n) = n + 4. Let m be -4*(-4 - 7/(-2))*3. What is d(m)?
10
Let m = 6 - 8. Let r(j) = -j - 5559 - 2*j + 2*j**2 + j**3 + 0*j**2 + 5556. Calculate r(m).
3
Suppose -8*a + 139 = 155. Let z(f) = 6*f**2 + 12*f + 1. Determine z(a).
1
Let f(y) = 1 + 2 + 0*y + 2*y**2 - 3*y - 3*y**2. Let z be f(0). Let n(c) = -c**3 + 4*c**2 - 3*c + 4. What is n(z)?
4
Let t(z) = 2*z - 2. Let o be t(6). Let v(g) = o*g**3 - 8*g**3 - g**3 - g**2 - g. Calculate v(0).
0
Let w = 31 - 28. Suppose -3*v = -9 + w. Let r(s) = -s**3 + 2*s - 3. What is r(v)?
-7
Let q(b) = 11 - 81*b + 39*b + 40*b. Let g(u) = 3*u - 22. Let w(x) = -3*g(x) - 5*q(x). Let m(t) = t**3 + 5*t**2 + 7*t + 6. Let l be m(-4). What is w(l)?
5
Let m(u) = -7*u**2 + 8*u + 14. Let w(k) = -9*k**2 + 9*k + 15. Let v(z) = 5*m(z) - 4*w(z). Give v(-6).
22
Let j(a) = a**2 + 2*a - 19. Let u be j(-9). Let o(n) = u - n - 23 - 21. Calculate o(4).
-4
Let p(s) be the second derivative of s**5/60 - s**4/12 - s**3/3 + 15*s**2/2 - 15*s. Let w(o) be the first derivative of p(o). Determine w(-3).
13
Let j be 2/11 - (-24)/(-11). Let f be j/((4 - 3)*-1). Let r(p) = -p + p - 3*p + f*p + 14. Give r(0).
14
Let y(q) be the second derivative of -q**4/12 - 5*q**3/6 + 3*q**2 + q. Let l = -24 + 40. Let v = -21 + l. Give y(v).
6
Let d(u) = -3*u**3 - 7*u**2 - u. Let k(a) = -a**3 - 3*a**2. Let o(j) = -2*d(j) + 5*k(j). What is o(2)?
8
Suppose 5*o - z = 231 - 21, 0 = -3*o - z + 126. Let g = o + -43. Let j(a) = -a**3 + a**2 - 1. What is j(g)?
1
Let i(z) = z**2 + z - 2. Let t(c) = -2*c**2 - 10*c - 1. Let p(m) = -3*i(m) - t(m). Calculate p(6).
13
Let d(k) = k**3 + 11*k**2 + 10. Let a be d(-11). Let q(p) = -2 + 10*p - p - a*p. What is q(4)?
-6
Suppose 0 = 3*i + 5*j - 21, -5*i - 4*j + 13 = -3*j. Let u(l) = -l**3 - l**2 + 1. Calculate u(i).
-11
Let w(i) = 0*i + 0*i + 44 + i - 4*i + i. Determine w(25).
-6
Suppose -24*v - 9*v = 0. Let z(t) = 2*t - 5. Calculate z(v).
-5
Let p be -53*((-2 - 0) + 3). Let r = p + 11. Let h be 72/r + (-8)/28. Let s(d) = -2*d**3 + 2*d - 1. Give s(h).
11
Let s(v) be the second derivative of -v**5/20 + v**4/2 + 5*v**3/6 - 5*v**2 - 634*v. Let f = 24 - 17. Give s(f).
-24
Suppose 4*a + 4*b + 28 = 8*a, -2*a = 3*b + 11. Let r(s) = 3*s**2 + 2*s - 2. Give r(a).
14
Let s(c) be the second derivative of -3*c**2 - 1/2*c**3 + 0 - 27*c + 1/12*c**4. Let n be 2/(-1)*10/(-4). Calculate s(n).
4
Let f(v) = -v**3 + v**2 + 11*v - 25. Let l be f(3). Let j(x) = x**2 + 10*x + 5. Give j(l).
5
Let o(k) = -7*k + 1. Suppose 4*v + 11 = 5*v. Let z be 10/(-6)*(v + -8). Let h = z + 4. Determine o(h).
8
Let k be 6/(-4)*4*(-315)/135. Let o(p) = -p**3 + 13*p**2 + 13*p + 1. Determine o(k).
-13
Suppose -2*p = 3*p - 25. Suppose p*q = -h - 11, 0 = -2*q - 9 + 1. Let g be -1 + 2 + h/3. Let u(a) = -a**3 + 5*a**2 - 3*a. Determine u(g).
4
Let x(a) be the third derivative of -a**6/120 - a**5/10 - a**4/8 + a**3/6 - 125*a**2 + 2. What is x(-4)?
-19
Let g = 6 + -1. Let l(h) = 37*h + 3. Let b(y) = -55*y - 4. Let q(z) = g*b(z) + 7*l(z). Let v = -13 + 14. What is q(v)?
-15
Let h(g) = -17*g - 3. Let t(q) = -20*q - 3. Let x(b) = -6*h(b) + 5*t(b). Determine x(-4).
-5
Let w(b) = -2*b - 3*b + 4*b + 4 - 3. Suppose l = -3*y - 3, l + 18 = 2*l - 4*y. Determine w(l).
-5
Let c(h) be the first derivative of h + 0*h**2 - 1/3*h**3 + 16. Let i(t) = -t**3 + 7*t**2 - 5*t - 8. Let x be i(6). What is c(x)?
-3
Let g(u) be the first derivative of -u**3/3 - 4*u + 676. Give g(-7).
-53
Let l(d) be the first derivative of -2*d**2 + 19*d - 43. Let s be l(6). Let n(i) = i + 4. Let j(t) = -3*t - 9. Let p(a) = 2*j(a) + 5*n(a). What is p(s)?
7
Let v(j) be the second derivative of j**5/24 - j**4/24 - 16*j**3/3 + 22*j. Let u(g) be the second derivative of v(g). Determine u(1).
4
Let l = -36 + 42. Suppose -3*x + 5*r = -22, 3*r = -2*x + l*r + 13. Let k(f) = 4*f. Determine k(x).
-4
Let p(d) = -4*d - 4 + 6 + 2*d + 5 + d. Calculate p(-8).
15
Let k(q) = q**2 - 8*q - 10. Let o(l) = 26*l**2 - 2*l - 2. Let j be o(-1). Suppose -5*t = 2*n - j, -5*n - 3*t + 2 = -44. Determine k(n).
-10
Let o(q) = -q**3 - 8*q**2 + 3. Let j(i) = i - 5. Let w be j(-3). Calculate o(w).
3
Let f(u) be the first derivative of -u**2/2 + u - 2. Let l(r) = -2*r + 2. Let j be (-2 + 1)*(1/(-1) - 0). Let y(x) = j*l(x) - 4*f(x).